ctors of -2*s/4*-22?
2, 11
Suppose 5*b - 117 = o + 2*o, 3*o = 3. What are the prime factors of b?
2, 3
Suppose 4*j - 1 = -3*m + 1, -12 = -j + 5*m. Suppose -3*x + 2*w + 53 = 0, 7*w - 3*w + 49 = 3*x. List the prime factors of j*(-2 + x/2).
3, 5
Suppose -5*o = 5*m - 17 + 2, -2*m - 8 = 0. Suppose -c + o - 1 = 0. List the prime factors of c.
2, 3
Let l(p) = p**3 + 3*p + p - 2*p**2 - 2 + 0*p + 0*p**2. List the prime factors of l(2).
2, 3
Suppose -4*k + 3*p + 21 + 13 = 0, p = -2. Let d be k - -2 - 3/3. Suppose -v + d = -0*v. What are the prime factors of v?
2
List the prime factors of 226/3 - 1/3.
3, 5
Let w(a) = -a**3 - a**2 + 2*a - 12. List the prime factors of w(-5).
2, 3, 13
Let f be 8 + (-1 - -2) - 2. Let n = f + -12. Let z(c) = -c**3 - 5*c**2 + c + 7. List the prime factors of z(n).
2
Suppose -5*s = 5, y - 52 = -2*s + 3*s. List the prime factors of y.
3, 17
Let c be 18*(1 + (-3)/(-9)). Suppose 0 = -3*r + c - 6. What are the prime factors of r?
2, 3
Let r(q) = -6*q - 6. Let a = -11 + 2. List the prime factors of r(a).
2, 3
Let m(i) = i**3 + 6*i**2 + 3. Let v be m(-4). Suppose 0 = 4*k + l - v - 22, 4*l = 20. List the prime factors of k.
13
Let y = 30 + 13. List the prime factors of y.
43
Let f = -45 + 186. List the prime factors of f.
3, 47
Let n(t) = t**2 - 9*t - 6. Let s be n(10). Let u be 2 + -1 + s + -3. Suppose -u*r + 0 = -4*c + 16, -26 = -3*r - 4*c. List the prime factors of r.
2
Let v = -17 - -24. Let f(h) = 2*h**2 + 6*h - 12*h + v - h**2. List the prime factors of f(5).
2
Suppose -145 - 1 = -j. List the prime factors of j.
2, 73
Suppose -4*w + w = -3*f + 9, 5*w + 5 = 0. Suppose -3*j + 4*c + 29 = f*j, 2*c - 18 = -4*j. What are the prime factors of j?
5
Let h(i) = -i**3 - 2*i**2 - i. Let q be h(-2). Let l(r) = -11*r - 4*r**2 + 3*r**q + 3*r. List the prime factors of l(-6).
2, 3
Let f(y) be the first derivative of -3*y**2 - 2*y - 24. Suppose -3*d = -8*d - 15. What are the prime factors of f(d)?
2
Let w(z) = -z**3 + 22*z**2 + 6*z - 28. List the prime factors of w(22).
2, 13
Let k(b) = -8*b + 1. List the prime factors of k(-3).
5
Let r(k) = 2*k**3 - 5*k**2 - 5*k + 1. Let i(f) = f**2 + f. Let z(w) = -4*i(w) - r(w). List the prime factors of z(-2).
17
Let i = -15 + 39. What are the prime factors of i?
2, 3
Let t be ((-1)/2)/(6/(-228)). Let f be (-1 - -1) + -1*t. Let i = -8 - f. What are the prime factors of i?
11
Let p(w) = -w**3 + 2*w**2 + 2*w. Let q = -1 + 3. Let g = q - 4. List the prime factors of p(g).
2, 3
Let y be 2/6 + 1375/33. Let z = y + -22. List the prime factors of z.
2, 5
Let m = -7 + 10. Suppose -3*o = -5*n - 64, o - m*o + n = -31. What are the prime factors of o?
13
Suppose -37 = -3*c + k, 5*c - c = 4*k + 44. List the prime factors of c.
13
Let j be (-6)/4*(0 - -2). Suppose 6*t - 12 = 2*t. What are the prime factors of t + j + (0 - -11)?
11
Let h = 56 - 22. What are the prime factors of h?
2, 17
Suppose 3*d + 30 = 4*d. Let v = d + -12. Suppose 0 = -5*y - 5*u - v + 48, -5*y + 38 = 3*u. What are the prime factors of y?
2, 5
Let g = -260 - -449. List the prime factors of g.
3, 7
Let w(c) = -c + 1. Let p be w(-1). Suppose -41 = -p*j - 1. Let x = j + -12. What are the prime factors of x?
2
Let i(y) = 4*y**3 - 7*y**2 + 4*y + 3. Let m(x) = 7*x**3 - 14*x**2 + 9*x + 5. Let f(c) = 5*i(c) - 3*m(c). What are the prime factors of f(5)?
3, 5
Let o be (-8)/4 - -1*19. Let a = o - 10. List the prime factors of a.
7
Let f = -11 - -6. Let r(u) = -6*u - 2*u**3 + u**3 + 1 + 2*u**3 + 4*u**2. List the prime factors of r(f).
2, 3
Let w(k) = -k**3 + k**2 - k - 5. Let s be -1*((-6)/(-3) + -2). Let r be w(s). Let j = 13 + r. List the prime factors of j.
2
Let h(f) = -f**3 + 11*f**2 - f + 16. Let o be h(11). List the prime factors of o - (-2 - -1)*0.
5
What are the prime factors of ((-51)/3)/((-11)/187)?
17
List the prime factors of ((1 + -12)*1)/(2/(-6)).
3, 11
Let t be 5*(3 + -5 + 3). What are the prime factors of 3 + 10*(t + -3)?
23
Suppose 5*w - 2*a - 20 = 195, 3*a = 15. Let x = -28 + w. Suppose 4*d - 53 + x = 0. What are the prime factors of d?
3
Let m(b) = 3*b + 2. Suppose 0*h = -h - 1, 0 = -z - 2*h + 2. Let a(c) = 2*c + 3. Let i(v) = z*m(v) - 5*a(v). What are the prime factors of i(5)?
3
What are the prime factors of ((-3 - -46) + -3 + -3)*1?
37
Suppose -4*j = -3*w + 55, -2*j = -0*w - 3*w + 53. Suppose -5*q = -2*g + 7*g - 45, -5*q + 41 = g. Let r = w - q. List the prime factors of r.
3
Suppose -3*f + 4*t + 60 = 0, -2*f + 4*t + 40 = -t. Suppose 0*w - f = -w. What are the prime factors of w?
2, 5
List the prime factors of 1*(-1 + -2 - -1) + 77.
3, 5
Let w(v) = 7*v - 1. Let k be w(1). Suppose 2*b + 0 - k = 0. Suppose b*s = -2*s + 95. List the prime factors of s.
19
Let w = 42 - 7. List the prime factors of w.
5, 7
Suppose -3*i - 29 = 2*r, 4*r = -r - i - 53. Let m = r + 5. Let u = m - -10. What are the prime factors of u?
5
Suppose -2*r - 22 = -3*z, 3*z - r + 3 = -4*r. Suppose z*o + 5*j = 4*j + 18, -j + 3 = o. List the prime factors of (5 - 2) + (o - 2).
2, 3
Suppose 3*h - 38 - 40 = 0. List the prime factors of h.
2, 13
Let z(s) = s**2 - 5*s - 17. Let x be z(7). What are the prime factors of 2 - (-37 + (-4 - x))?
2, 5
Let d(k) = -2*k**3 + k**2 - 1. Let q be d(-1). Suppose 5*r + q*g = 3*r + 8, -5*g = 4*r - 12. What are the prime factors of r?
2
Let h(u) = -5*u**3 + u. Let o be h(-1). Suppose -1 = -a - o. What are the prime factors of (5 + a)*(-6)/(-4)?
3
Suppose -5*w + 4 = -21. Let x(g) = -g**2 + 7*g - 6. List the prime factors of x(w).
2
Let z be 18/(-24) - (-38)/8. Let f = -6 + z. List the prime factors of (2/(-4))/(f/12).
3
Suppose -645 = -6*x + x. What are the prime factors of x?
3, 43
Let j(a) = -a**2 + 14*a - 13. Let b be j(13). Let w = b - -2. Suppose 1 = -2*z - 5*v, 0*v + 2 = w*z + 4*v. What are the prime factors of z?
7
List the prime factors of 42/273 - (-2674)/26.
103
Suppose s = -22 + 61. List the prime factors of s.
3, 13
Suppose 220 = 4*l - 2*q, -2*l = -0*l - 2*q - 114. List the prime factors of l.
53
Let m(c) = -c**3 - 5*c**2 - 4*c. Let h be m(-5). Suppose -x - h = -5*x. List the prime factors of x.
5
Let u be 2 - 4 - (-1 - 4). Let z be (-2 + 1)/((-2)/(-4)). What are the prime factors of (0 + u)/(z/(-4))?
2, 3
Let u be (1 - 8)*12/(-14). Suppose u = -4*i + 2*i. Let m = i - -9. What are the prime factors of m?
2, 3
Suppose 0 = -4*c + 4*w, -2*c - 2*w + 20 = w. What are the prime factors of 0 + c/((-4)/(-2))?
2
Suppose 3*y - c - 127 = 0, -2*c = 5*y + 2*c - 189. List the prime factors of y.
41
Suppose -2*n + 3*u + 13 = -3, 2*u + 4 = -2*n. Let o be 3*n/(0 + 1). Suppose -o + 3 = -t. List the prime factors of t.
3
Let k = 14 + 6. What are the prime factors of k?
2, 5
Let u(g) = -12*g**2 + 4. Let s(w) = 23*w**2 - 9. Let r(h) = -3*s(h) - 7*u(h). What are the prime factors of r(1)?
2, 7
Suppose -v + 0 = -44. Let p = v - 31. List the prime factors of p.
13
What are the prime factors of (0 + 3)*(0 + 582/18)?
97
Suppose -4*f + 2*f + 18 = 0. List the prime factors of f.
3
Let j = 12 - -19. List the prime factors of j.
31
Suppose z = -z + 364. List the prime factors of z.
2, 7, 13
Let x be (2 + -1 + -1)/(-2). Suppose x = -j - 0*j. Suppose -6*r + 3*r + 6 = j. What are the prime factors of r?
2
Suppose 3*h - 15 = 0, -7 - 19 = -4*y - 2*h. Suppose -3*g - z = 25, 5 = -y*z + 1. What are the prime factors of 80/14 - g/28?
2, 3
Let h be 8/10*(-5)/(-2). Suppose 3*o + h*o = 70. What are the prime factors of o?
2, 7
Suppose 116 = 5*x - 434. What are the prime factors of x?
2, 5, 11
Suppose -93*p + 90*p = -375. List the prime factors of p.
5
Let o = -11 - -6. Let b = o - -8. Suppose -4*n + 0*n - 5*a + 36 = 0, -b*n = a - 38. What are the prime factors of n?
2, 7
Let r(h) = -h + 1. Let d be r(1). Suppose d*y + 4*q = 2*y - 2, 0 = -4*q + 16. List the prime factors of y.
3
List the prime factors of (8/6)/((-17)/(-459)).
2, 3
Let q be ((-1)/(-1))/((-2)/(-14)). Suppose 2*t - q*t = -25. What are the prime factors of t?
5
Let f(t) = t**3 + 5*t**2 - 2*t - 5. Suppose 4*c - 7 = 3*c - 3*j, -3*j = 4*c + 8. What are the prime factors of f(c)?
5
Suppose -3*q - 33 = -2*i + 4, 0 = i - 3*q - 20. List the prime factors of i.
17
Let u(z) = -2*z + 2. Let b be u(3). Let p(n) = -4*n - 1. Let q be p(b). Suppose 5*r = d - q - 13, 4*r = 5*d - 35. List the prime factors of d.
3
Suppose 1460